 prime factors of 351420.
2, 3, 5, 5857
List the prime factors of 6015400.
2, 5, 19, 1583
List the prime factors of 2638018.
2, 109, 12101
List the prime factors of 179293.
41, 4373
What are the prime factors of 2549342?
2, 1274671
List the prime factors of 293907.
3, 313
List the prime factors of 980334.
2, 3, 107, 509
What are the prime factors of 11493526?
2, 11, 593, 881
What are the prime factors of 1269948?
2, 3, 105829
What are the prime factors of 338906?
2, 41, 4133
What are the prime factors of 555805?
5, 89, 1249
List the prime factors of 13165978.
2, 7, 211, 4457
What are the prime factors of 111312?
2, 3, 773
List the prime factors of 439766.
2, 31, 41, 173
List the prime factors of 1571913.
3, 7, 8317
What are the prime factors of 5863719?
3, 1954573
What are the prime factors of 2040512?
2, 31883
What are the prime factors of 488760?
2, 3, 5, 4073
What are the prime factors of 15495078?
2, 3, 89, 29017
What are the prime factors of 68753?
197, 349
What are the prime factors of 3121885?
5, 13, 48029
What are the prime factors of 41581?
43, 967
What are the prime factors of 27538597?
27538597
What are the prime factors of 3003?
3, 7, 11, 13
What are the prime factors of 212288?
2, 31, 107
List the prime factors of 1360125.
3, 5, 13, 31
List the prime factors of 3962250.
2, 3, 5, 587
List the prime factors of 317170.
2, 5, 7, 23, 197
What are the prime factors of 7098505?
5, 1419701
What are the prime factors of 32368?
2, 7, 17
What are the prime factors of 5586431?
43, 129917
What are the prime factors of 1115703?
3, 53, 2339
List the prime factors of 932836.
2, 101, 2309
List the prime factors of 2466250.
2, 5, 1973
List the prime factors of 186910.
2, 5, 18691
What are the prime factors of 571422?
2, 3, 131, 727
List the prime factors of 900221.
7, 128603
List the prime factors of 842431.
857, 983
What are the prime factors of 360391?
360391
List the prime factors of 196873.
196873
What are the prime factors of 1375258?
2, 19, 36191
List the prime factors of 7205244.
2, 3, 53, 11329
What are the prime factors of 1590586?
2, 79, 10067
List the prime factors of 2850195.
3, 5, 139, 1367
What are the prime factors of 9268648?
2, 37, 173, 181
List the prime factors of 1860350.
2, 5, 29, 1283
What are the prime factors of 34942?
2, 17471
List the prime factors of 1442198.
2, 419, 1721
List the prime factors of 916909.
7, 130987
List the prime factors of 123177.
3, 19, 2161
What are the prime factors of 1965332?
2, 491333
List the prime factors of 4276559.
7, 73, 8369
List the prime factors of 650228.
2, 162557
List the prime factors of 222509.
7, 19, 239
What are the prime factors of 6674031?
3, 7, 13, 29, 281
What are the prime factors of 226813?
226813
What are the prime factors of 27500850?
2, 3, 5, 13, 1567
List the prime factors of 615571.
11, 107, 523
What are the prime factors of 926319?
3, 308773
List the prime factors of 3070145.
5, 13, 149, 317
What are the prime factors of 4412303?
7, 53, 1699
List the prime factors of 2696411.
31, 86981
What are the prime factors of 2431640?
2, 5, 31, 37, 53
List the prime factors of 8812929.
3, 2937643
List the prime factors of 2286562.
2, 1143281
What are the prime factors of 1079448?
2, 3, 41, 1097
List the prime factors of 1819247.
269, 6763
What are the prime factors of 272199?
3, 41, 2213
What are the prime factors of 529983?
3, 727
What are the prime factors of 473460?
2, 3, 5, 13, 607
List the prime factors of 5431704.
2, 3, 17, 13313
List the prime factors of 5861522.
2, 2930761
What are the prime factors of 71628?
2, 3, 47, 127
What are the prime factors of 6786778?
2, 353, 9613
What are the prime factors of 524028?
2, 3, 43669
What are the prime factors of 264523?
7, 23, 31, 53
What are the prime factors of 127159?
101, 1259
List the prime factors of 172090.
2, 5, 17209
What are the prime factors of 743485?
5, 241, 617
What are the prime factors of 22879908?
2, 3, 23539
What are the prime factors of 244937?
7, 11, 3181
List the prime factors of 2208107.
11, 47, 4271
List the prime factors of 37296694.
2, 97, 192251
What are the prime factors of 7939182?
2, 3, 1323197
What are the prime factors of 244475?
5, 7, 11, 127
List the prime factors of 1366901.
47, 127, 229
List the prime factors of 273824.
2, 43, 199
List the prime factors of 176580.
2, 3, 5, 109
What are the prime factors of 1159807?
11, 105437
List the prime factors of 246550.
2, 5, 4931
What are the prime factors of 116705?
5, 17, 1373
List the prime factors of 6232607.
167, 37321
List the prime factors of 32303944.
2, 17, 173, 1373
List the prime factors of 1146551.
7, 23399
What are the prime factors of 1626778?
2, 547, 1487
What are the prime factors of 397931?
227, 1753
What are the prime factors of 4424162?
2, 2212081
List the prime factors of 1320437.
1320437
List the prime factors of 333120.
2, 3, 5, 347
List the prime factors of 23002157.
23002157
List the prime factors of 354538.
2, 177269
List the prime factors of 98661.
3, 32887
What are the prime factors of 581345?
5, 116269
List the prime factors of 730828.
2, 7, 43, 607
List the prime factors of 3906986.
2, 1953493
What are the prime factors of 1658020?
2, 5, 7, 13, 911
What are the prime factors of 294134?
2, 17, 41, 211
List the prime factors of 126502.
2, 19, 3329
What are the prime factors of 2522?
2, 13, 97
What are the prime factors of 139313?
139313
What are the prime factors of 693092?
2, 173273
What are the prime factors of 3507716?
2, 876929
List the prime factors of 9746143.
11, 886013
List the prime factors of 1014562.
2, 19, 26699
List the prime factors of 282612.
2, 3, 11, 2141
What are the prime factors of 11590?
2, 5, 19, 61
List the prime factors of 473967.
3, 13, 4051
What are the prime factors of 985188?
2, 3, 19, 29, 149
What are the prime factors of 2220545?
5, 444109
List the prime factors of 1008252.
2, 3, 7, 4001
List the prime factors of 1012820.
2, 5, 89, 569
List the prime factors of 21533110.
2, 5, 43, 50077
What are the prime factors of 9158686?
2, 4579343
List the prime factors of 2760437.
23, 257, 467
List the prime factors of 2967089.
109, 163, 167
List the prime factors of 1131146.
2, 17, 19, 103
What are the prime factors of 134712?
2, 3, 1871
What are the prime factors of 671203?
13, 51631
What are the prime factors of 13358028?
2, 3, 229, 4861
What are the prime factors of 747379?
31, 24109
What are the prime factors of 1319183?
17, 73, 1063
What are the prime factors of 511514?
2, 255757
List the prime factors of 2346606.
2, 3, 130367
List the prime factors of 229924.
2, 47, 1223
What are the prime factors of 769334?
2, 199, 1933
List the prime factors of 6555826.
2, 3277913
List the prime factors of 667.
23, 29
What are the prime factors of 124028?
2, 101, 307
What are the prime factors of 9663265?
5, 457, 4229
What are the prime factors of 9057889?
17, 19, 29, 967
List the prime factors of 411038.
2, 205519
What are the prime factors of 22574?
2, 11287
List the prime factors of 3169373.
823, 3851
What are the prime factors of 1888709?
199, 9491
What are the prime factors of 1692548?
2, 11, 13, 269
What are the prime factors of 2426768?
2, 151673
List the prime factors of 106470.
2, 3, 5, 7, 13
List the prime factors of 1238505.
3, 5, 82567
List the prime factors of 1678329.
3, 186481
List the prime factors of 7917867.
3, 929, 947
List the prime factors of 288339.
3, 223, 431
What are the prime factors of 2628525?
3, 5, 101, 347
List the prime factors of 163524.
2, 3, 13627
What are the prime factors of 189597?
3, 63199
List the prime factors of 14520273.
3, 41, 118051
What are the prime factors of 67792?
2, 19, 223
What are the prime factors of 1151302?
2, 575651
What are the prime factors of 276591?
3, 7, 13171
What are the prime factors of 1235996?
2, 308999
What are the prime factors of 263146?
2, 13, 29, 349
What are the prime factors of 13502?
2, 43, 157
List the prime factors of 347558.
2, 173779
What are the prime factors of 139741?
7, 19963
List the prime factors of 98246.
2, 49123
What are the prime factors of 287328?
2, 3, 41, 73
List the prime factors of 839115.
3, 5, 29, 643
List the prime factors of 63532.
2, 7, 2269
What are the prime factors of 373547?
97, 3851
List the prime factors of 31983900